c - (-16)/(-7). Is h(x) a prime number?
False
Let c(q) = 1 + 6*q + 2 - 7. Let p be c(-5). Let n = -15 - p. Is n a composite number?
False
Let b(p) = -5 + 2*p + 2 + 2 - 7*p**3 + p**2. Let k = -7 - -5. Is b(k) composite?
True
Let u = 8 - 5. Suppose 111 = u*p - 0*p. Is p a prime number?
True
Let z(c) = -4*c - 1. Let l be z(-7). Let s = l - 18. Let u = s + 2. Is u composite?
False
Let k(d) be the second derivative of -d**3/3 - 9*d**2/2 - d. Let l be k(-7). Suppose 2*u = l*w - 717, -2 = -4*u + 14. Is w prime?
False
Is (-15)/9*(1 + -40) a prime number?
False
Suppose 2*j + 6 - 21 = -3*q, -3*j = -9. Let u be (0 + 90)*q/(-2). Is (-4)/14 + u/(-7) composite?
False
Suppose -537 = j - 3*j + y, 5*j + y = 1360. Is j composite?
False
Let m = -519 + 112. Let w = m + 822. Is w a composite number?
True
Let c(s) = 67*s + 4. Let n be c(-3). Let z = n - -342. Is z prime?
False
Let z be (12/(-10))/(12/40). Let q be (5 + z)/((-1)/(-4)). Suppose q*j + j = 4*s + 361, 5*j = 2*s + 353. Is j prime?
False
Let u(i) = -i**2 + 2*i + 11. Let s be u(-10). Let b = 186 + s. Is b a composite number?
True
Let s(k) = k**3 - 3*k**2 + 4*k - 1. Suppose -5*d = -2*d - g - 7, 0 = d + g - 5. Suppose 2*f = -d*l + 8, 3*l + 0*f + 4*f = 4. Is s(l) a composite number?
False
Let z(n) = n**3 + 10*n**2 + 6*n + 1. Let d be z(-9). Is 9275/d + (-1)/4 a prime number?
True
Suppose -2*w + 483 + 771 = 0. Suppose -4*z + w = -z. Is z composite?
True
Let q(y) = -y**2 + 4*y + 7. Let n be q(5). Suppose -v = -n*p + 19, -p = 4*v + 25 + 6. Let r = v + 23. Is r composite?
True
Let u(h) = -h**3 + 7*h**2 - 3*h - 8. Suppose p + 4*t = 52, 5*p - 3*p - 4*t = 56. Let j be 7/2*p/21. Is u(j) composite?
True
Suppose -x - 2*x = -15. Suppose 5*w = -3*j - 19, -3*w - 4 = 4*j + 3. Suppose 3*r = x*t - 242, j*r + 106 - 10 = 2*t. Is t a prime number?
False
Suppose 3*h + 6 = -3*h. Suppose -d - 5*c = 32, 0*d + c - 30 = 5*d. Is (0 - d*2) + h composite?
False
Let i = -1 - -4. Suppose u + 149 = i*f + 3*u, -5*f - 4*u + 245 = 0. Is f a prime number?
True
Suppose p = -3*i + 6, 0*p + 3 = 3*i + 2*p. Suppose i*q = -q. Suppose q = 4*m - 4*d - 612, 5*m = 2*d + 134 + 619. Is m a prime number?
True
Suppose 0*r + 4*r - 8 = 0. Suppose d = -2*i + 261, -r*d = -3*d + i + 255. Is d composite?
False
Let i be ((-4)/3)/(10/(-645)). Suppose -79 = -5*p + i. Is p a composite number?
True
Suppose -u - 46 = -269. Is u a composite number?
False
Let l(r) = 4*r**3 + r**2 - 4*r - 5. Is l(4) a prime number?
True
Let n be (1 - -1) + -3 - 2. Is (-1 - n)*388/8 composite?
False
Is -22*(115/(-10) - -5) a composite number?
True
Suppose 2*i - 20 = -0*i. Suppose -7*u + i*u = 1563. Is u composite?
False
Let d = 1 - 2. Suppose -4*a - a = -20. Is (22 - d)/(a/28) composite?
True
Suppose -4*z - 1792 = -4*c, -3*z - 2286 = -5*c - 40. Is c prime?
False
Let b = -52 + 76. Let o = 98 - 48. Let d = o - b. Is d a prime number?
False
Let h(y) = -27*y + 22. Is h(-7) composite?
False
Suppose 0 = -11*f + 9*f + 446. Is f prime?
True
Let g(y) = 48*y**2 + 5*y + 5. Is g(-2) composite?
True
Let w = -16 + 192. Suppose -32 = -j + 2*n, -n + 3*n + w = 5*j. Let a = -21 + j. Is a a prime number?
False
Is (-12)/6*(-794)/4 prime?
True
Let a be (1/1*-6)/2. Is 40 - (a - -3 - -1) a composite number?
True
Let p(z) = -z + 4. Let t be p(4). Is (-1)/1*(-31 - t) a composite number?
False
Is 2/(-11) - ((-17459)/11 + -2) composite?
True
Suppose 32 = 2*z + 2*z. Let n(d) = d**3 - 9*d**2 + 10*d - 11. Let m be n(z). Suppose -b + 48 = m. Is b composite?
False
Let j = 387 - 50. Is j prime?
True
Suppose -2*m = -2*f - 1072, 7*m + 4*f - 2689 = 2*m. Suppose -q = -r - 2*r + m, -528 = -3*r + 4*q. Let h = r - 61. Is h a prime number?
False
Let l = 445 + -34. Let u = l - 284. Is u prime?
True
Suppose 3*o - 3*d - 1080 = 0, 1810 = -o + 6*o - 3*d. Let x be ((-2)/(-5))/(1/o). Suppose -4*c - 2*q = -x, 4*q + 208 - 56 = 4*c. Is c prime?
True
Is (15/9)/1*15 composite?
True
Suppose p + 8 = 4*u, 0 = -2*u + 3*p - 3 - 3. Suppose 15 = u*a + 2*a. Suppose 2*k = 2*r + 100, -k + 5*r - 135 = -a*k. Is k a prime number?
False
Suppose u - 3*s + 119 = 954, -u + s + 839 = 0. Is u a prime number?
False
Let q(d) = -4*d + 22*d + 11*d. Let o be q(-3). Is o/6*1*-10 prime?
False
Let d = -17 - -99. Is d prime?
False
Let j be 2/8 + 4/(-16). Suppose -6*p + p = -5*k - 405, -2*p - 4*k + 174 = j. Is p composite?
False
Suppose 8*d = 5*d. Suppose -c + 4*y + 85 = y, d = -4*c - 4*y + 372. Is c a prime number?
False
Suppose 4*i + 2*a = -a + 2711, -i + a + 669 = 0. Is i composite?
True
Let t(x) = -x**2 - 6*x - 4. Let z be t(-5). Let k = 24 + z. Is k a prime number?
False
Suppose 3*y + 756 = 2*y. Is (-1)/4 + y/(-16) composite?
False
Let s be (-33)/(-3) + -3 - 2. Suppose p + s = -4*f, 0 = -4*p - 4*f + f + 2. Is 249*(p + 1)/9 prime?
True
Let p = -1551 - -10768. Is p prime?
False
Let k(y) = -4*y - 7. Let n(h) = -12*h - 22. Let v(a) = -17*k(a) + 6*n(a). Is v(-12) a prime number?
False
Suppose -r - l = -15, 0 = r - 5*r + 3*l + 95. Suppose 3*n - 310 = -4*d, 5*d = n - 96 - r. Is n composite?
True
Let z(q) = 5*q + 3. Is z(10) prime?
True
Is 3/(-12) - (1935/4)/(-3) composite?
True
Suppose 4*x - 2*h = 2010, 0 = -3*x + x - 2*h + 1002. Is x composite?
True
Suppose -2*v - 753 = -3*m + 2*v, 0 = -4*v. Is m a prime number?
True
Let d = -474 + 685. Is d composite?
False
Suppose -4*f + 32 = 4*r, -4*r + 2*r + 3*f = -6. Suppose -r*x = -2*x. Suppose x = 2*j - 5*j, 0 = l + 5*j - 3. Is l prime?
True
Suppose 3995 - 24451 = -8*n. Is n a prime number?
True
Let z be 1705/15 + 4/(-6). Suppose -z - 203 = -4*s. Is s prime?
True
Is -1 + (14 - -4)*9 a prime number?
False
Suppose 6*c - 11*c + 1325 = 0. Is c prime?
False
Let w(r) = 11*r**2 + 5*r + 10. Is w(-3) a composite number?
True
Suppose 0 = -0*p - p + 3*m + 8, 0 = -p - 4*m + 43. Is p composite?
False
Is (-1 - -3 - -1) + 904 composite?
False
Suppose -12*w + 15*w - 4911 = 0. Is w a prime number?
True
Suppose q = -t - 4*q + 23, 88 = 5*t - 2*q. Suppose -9*v + 6*v = t. Is (-2 + 1)/(1/v) a composite number?
True
Let n be (-1)/(-1*(-2)/14). Is (2 - 1)/(n/(-161)) prime?
True
Let j(y) = -y. Let k be j(-2). Let q(w) = 33*w**3 + w + 1. Let i be q(k). Suppose -o = -4*h + 525, h - i = -h + 5*o. Is h composite?
False
Let o(v) = 2*v**2. Let p be o(-1). Suppose 3*k - 8*k + 222 = 3*q, p*k - 88 = -q. Is (1/(-3))/((-2)/k) a prime number?
True
Let a(y) = -7*y**2 + 4*y - 1 - 2 - 5*y**2. Let z be a(2). Let t = z + 64. Is t prime?
False
Let d(r) = -r**3 + 3*r - 3. Let c be d(2). Let t = 5 - c. Is t prime?
False
Let q(d) = d**2 + 2*d - 3. Let p be q(7). Suppose t + 0 = 5. Suppose -b + t*b = p. Is b prime?
False
Suppose -7*t = -2*t - 2085. Is t a prime number?
False
Suppose -2*y = -8*y + 1266. Is y a composite number?
False
Let i(o) = o. Let c be i(0). Suppose c = m - 5*k - 104, m + 4*k = 2*k + 125. Is m composite?
True
Let v = 8 + -5. Suppose o = 5*k - 0*k - 186, -v*o + 145 = 4*k. Is k a composite number?
False
Suppose 5 = t - 0*t, 467 = 3*a - 2*t. Suppose 9 = 4*z + 1. Suppose 0 = i + z*i - a. Is i composite?
False
Suppose 221 = 3*n - 394. Suppose -q = -27 + 145. Let w = q + n. Is w prime?
False
Suppose -2*x = -0*x - 1166. Is x a prime number?
False
Let p(w) = w**3 + 2*w**2 + w. Let b be p(-2). Is (-178)/((-2 + b)/2) a composite number?
False
Let t = 11 - 8. Suppose -h - 2*k + 12 = 0, h + 17 = 3*h - 3*k. Suppose d - 2*f - t*f = h, d = -3*f + 18. Is d composite?
True
Is ((-1528)/(-12))/((-4)/(-6)) prime?
True
Let r be (-44)/(-10)*(90 - 0). Suppose -672 = -5*f - h, -2*f + 5*f - 3*h - r = 0. Is f a composite number?
True
Let k be ((-323)/57)/((-2)/162). Let c = -258 + k. Is c a prime number?
False
Let b(a) = -4*a + 4. Let p be b(3). Is (-1 - -54) + p/(-4) a composite number?
True
Let k = -4 - -9. Suppose -k*h = -4*n + 155, n = 4*n + h - 121. Let i = -3 + n. Is i a composite number?
False
Is (-167)/(2 - (-7)/(-3)) prime?
False
Let u be (((-2)/(-2))/(-1))/1. Is (-1)/((u/(-1))/(-185)) composite?
True
Let k = 1 - -3. Suppose r = 3*r - b - 74, -5*r - k*b + 172 = 0. Is r - (2 - 3/3) composite?
True
Suppose -4*z + 2*r - 10 = -384, 3*z = r + 280. Is z composite?
True
Suppose 3 = 2*l + 7. Let x(s) = 19*s**3 - 22*s**3 + 3*s**2 - 7*s**2 - 2*s + 2. Is x(l) prime?
False
Let j(k) = -35*k - 3*k - 9 - 35*k - 59*k. Is j(-4) a prime number?
False
Let d = -12 - -55. Is d prime?
True
